{"id":109,"date":"2021-11-24T18:57:40","date_gmt":"2021-11-24T18:57:40","guid":{"rendered":"https:\/\/bambaluateatro.com\/5.7\/about\/"},"modified":"2025-12-11T22:02:06","modified_gmt":"2025-12-11T22:02:06","slug":"compania","status":"publish","type":"page","link":"https:\/\/bambaluateatro.com\/5.7\/compania\/","title":{"rendered":"Compa\u00f1\u00eda"},"content":{"rendered":"\n\n\n\n<h1>la compa\u00f1ia<\/h1>\n\n\n<p><span style=\"color:#ffffff;\">D<span style=\"\">es<\/span><\/span><span style=\"color:#ffffff;\">d<span style=\"color:#ffffff;\"><\/span>e nuestros comienzos en 1998, hemos llevado a cabo m\u00e1s de 3.000 representaciones a trav\u00e9s de 38 producciones teatrales, &#8211; todas ellas creaciones propias-, forja<\/span><span style=\"color:#ffffff;\">ndo una l\u00ednea art\u00edstica que ha ido dotando de identidad propia a la compa\u00f1\u00eda. Teatro Familiar, Teatro de calle, teatro para todos los p\u00fablicos y Teatro para adultos.<\/span><\/p>\n\n\n\n\n\n\n\n\n\n<p [object NamedNodeMap]><font style=\"vertical-align: inherit; color: rgb(255, 255, 255);\"><font style=\"vertical-align: inherit;\">Bambal\u00faa Teatro es un barco que surca el oc\u00e9ano insondable del teatro, con el salitre de la creaci\u00f3n entre los labios, la piel curtida al calor de los focos, el litoral del escenario entre ceja y ceja, la comuni\u00f3n sagrada con el p\u00fablico, el respeto al mar. <\/font><br><br><br><font style=\"vertical-align: inherit;\">La aventura por la aventura. Veinticinco a\u00f1os de navegaci\u00f3n, viento en popa ya toda vela, achicando aguas y eludiendo ciclones, combatiendo marejadas, tifones y bestias marinas; mas enso\u00f1ando siempre, con el viento de la creaci\u00f3n inflando el velamen de la nave, la ilusi\u00f3n. <\/font><br><br><font style=\"vertical-align: inherit;\">Por bandera la experiencia. Por cuchillo la inquietud. Por br\u00fajula la intuici\u00f3n. Nuestro cuaderno de bit\u00e1cora recoge infinidad de puertos distantes, desde el teatro familiar a espect\u00e1culos para j\u00f3venes y p\u00fablico adulto. <br><br><br>Y lo que nos queda\u2026 .<\/font><\/font><\/p>\n\n\n\n\n\n\n<h2>Algunos datos m\u00e1s&#8230;<\/h2>\n\n\n<p><span style=\"color:#ffffff;\"><span style=\"font-size:large;\"><font style=\"vertical-align: inherit;\"><font style=\"vertical-align: inherit;\">Durante estos 27 a\u00f1os, hemos ido recorriendo toda la geograf\u00eda nacional y participando en ferias, circuitos y festivales nacionales e internacionales -FETEN, Almagro, FITCA, FITEC, Teatralia, Titirimundi, Viladecans, FETAL, Ciudad Rodrigo, San Sebasti\u00e1n, Leioa\u2026 e internacionales: Ment\u00f3n (Francia), Vila Real y Sementes (Portugal), entre otros.<br><\/font><\/font><\/span><\/span><span style=\"font-size:large;\"><\/span><br><\/p>\n\n\n\n\n\n<h5>El Prop\u00f3sito del arte es lavar el polvo de la vida cotidiana de nuestras almas\u00bb<\/h5>\n\n\n<p [object NamedNodeMap]>Pablo Picasso<\/p>\n\n\n\n\n\n\n\n\n\n\n\n\n\n\n\n","protected":false},"excerpt":{"rendered":"","protected":false},"author":1,"featured_media":0,"parent":0,"menu_order":4,"comment_status":"closed","ping_status":"closed","template":"","meta":{"pagelayer_contact_templates":[],"_pagelayer_content":"","footnotes":""},"class_list":["post-109","page","type-page","status-publish","hentry"],"yoast_head":"<!-- This site is optimized with the Yoast SEO plugin v27.3 - https:\/\/yoast.com\/product\/yoast-seo-wordpress\/ -->\r\n<title>Compa\u00f1\u00eda - Bambalua teatro<\/title>\r\n<meta name=\"robots\" content=\"index, follow, max-snippet:-1, max-image-preview:large, max-video-preview:-1\" \/>\r\n<link rel=\"canonical\" href=\"https:\/\/bambaluateatro.com\/5.7\/compania\/\" \/>\r\n<meta property=\"og:locale\" content=\"es_ES\" \/>\r\n<meta property=\"og:type\" content=\"article\" \/>\r\n<meta property=\"og:title\" content=\"Compa\u00f1\u00eda - Bambalua teatro\" \/>\r\n<meta property=\"og:url\" content=\"https:\/\/bambaluateatro.com\/5.7\/compania\/\" \/>\r\n<meta property=\"og:site_name\" content=\"Bambalua teatro\" \/>\r\n<meta property=\"article:publisher\" content=\"https:\/\/www.facebook.com\/bambalua\" \/>\r\n<meta property=\"article:modified_time\" content=\"2025-12-11T22:02:06+00:00\" \/>\r\n<meta name=\"twitter:card\" content=\"summary_large_image\" \/>\r\n<meta name=\"twitter:label1\" content=\"Tiempo de lectura\" \/>\n\t<meta name=\"twitter:data1\" content=\"2 minutos\" \/>\r\n<script type=\"application\/ld+json\" class=\"yoast-schema-graph\">{\"@context\":\"https:\\\/\\\/schema.org\",\"@graph\":[{\"@type\":\"WebPage\",\"@id\":\"https:\\\/\\\/bambaluateatro.com\\\/5.7\\\/compania\\\/\",\"url\":\"https:\\\/\\\/bambaluateatro.com\\\/5.7\\\/compania\\\/\",\"name\":\"Compa\u00f1\u00eda - Bambalua teatro\",\"isPartOf\":{\"@id\":\"https:\\\/\\\/bambaluateatro.com\\\/5.7\\\/#website\"},\"datePublished\":\"2021-11-24T18:57:40+00:00\",\"dateModified\":\"2025-12-11T22:02:06+00:00\",\"breadcrumb\":{\"@id\":\"https:\\\/\\\/bambaluateatro.com\\\/5.7\\\/compania\\\/#breadcrumb\"},\"inLanguage\":\"es\",\"potentialAction\":[{\"@type\":\"ReadAction\",\"target\":[\"https:\\\/\\\/bambaluateatro.com\\\/5.7\\\/compania\\\/\"]}]},{\"@type\":\"BreadcrumbList\",\"@id\":\"https:\\\/\\\/bambaluateatro.com\\\/5.7\\\/compania\\\/#breadcrumb\",\"itemListElement\":[{\"@type\":\"ListItem\",\"position\":1,\"name\":\"Portada\",\"item\":\"https:\\\/\\\/bambaluateatro.com\\\/5.7\\\/\"},{\"@type\":\"ListItem\",\"position\":2,\"name\":\"Compa\u00f1\u00eda\"}]},{\"@type\":\"WebSite\",\"@id\":\"https:\\\/\\\/bambaluateatro.com\\\/5.7\\\/#website\",\"url\":\"https:\\\/\\\/bambaluateatro.com\\\/5.7\\\/\",\"name\":\"Bambal\u00faa teatro\",\"description\":\"Bambal\u00faa Teatro - Artes Esc\u00e9nicas\",\"publisher\":{\"@id\":\"https:\\\/\\\/bambaluateatro.com\\\/5.7\\\/#organization\"},\"potentialAction\":[{\"@type\":\"SearchAction\",\"target\":{\"@type\":\"EntryPoint\",\"urlTemplate\":\"https:\\\/\\\/bambaluateatro.com\\\/5.7\\\/?s={search_term_string}\"},\"query-input\":{\"@type\":\"PropertyValueSpecification\",\"valueRequired\":true,\"valueName\":\"search_term_string\"}}],\"inLanguage\":\"es\"},{\"@type\":\"Organization\",\"@id\":\"https:\\\/\\\/bambaluateatro.com\\\/5.7\\\/#organization\",\"name\":\"Bambal\u00faa teatro\",\"url\":\"https:\\\/\\\/bambaluateatro.com\\\/5.7\\\/\",\"logo\":{\"@type\":\"ImageObject\",\"inLanguage\":\"es\",\"@id\":\"https:\\\/\\\/bambaluateatro.com\\\/5.7\\\/#\\\/schema\\\/logo\\\/image\\\/\",\"url\":\"https:\\\/\\\/bambaluateatro.com\\\/5.7\\\/wp-content\\\/uploads\\\/2021\\\/11\\\/icono_u4.png\",\"contentUrl\":\"https:\\\/\\\/bambaluateatro.com\\\/5.7\\\/wp-content\\\/uploads\\\/2021\\\/11\\\/icono_u4.png\",\"width\":500,\"height\":494,\"caption\":\"Bambal\u00faa teatro\"},\"image\":{\"@id\":\"https:\\\/\\\/bambaluateatro.com\\\/5.7\\\/#\\\/schema\\\/logo\\\/image\\\/\"},\"sameAs\":[\"https:\\\/\\\/www.facebook.com\\\/bambalua\",\"https:\\\/\\\/www.youtube.com\\\/user\\\/bambaluateatro\",\"https:\\\/\\\/twitter.com\\\/bambalua\"]}]}<\/script>\r\n<!-- \/ Yoast SEO plugin. -->","yoast_head_json":{"title":"Compa\u00f1\u00eda - Bambalua teatro","robots":{"index":"index","follow":"follow","max-snippet":"max-snippet:-1","max-image-preview":"max-image-preview:large","max-video-preview":"max-video-preview:-1"},"canonical":"https:\/\/bambaluateatro.com\/5.7\/compania\/","og_locale":"es_ES","og_type":"article","og_title":"Compa\u00f1\u00eda - Bambalua teatro","og_url":"https:\/\/bambaluateatro.com\/5.7\/compania\/","og_site_name":"Bambalua teatro","article_publisher":"https:\/\/www.facebook.com\/bambalua","article_modified_time":"2025-12-11T22:02:06+00:00","twitter_card":"summary_large_image","twitter_misc":{"Tiempo de lectura":"2 minutos"},"schema":{"@context":"https:\/\/schema.org","@graph":[{"@type":"WebPage","@id":"https:\/\/bambaluateatro.com\/5.7\/compania\/","url":"https:\/\/bambaluateatro.com\/5.7\/compania\/","name":"Compa\u00f1\u00eda - Bambalua teatro","isPartOf":{"@id":"https:\/\/bambaluateatro.com\/5.7\/#website"},"datePublished":"2021-11-24T18:57:40+00:00","dateModified":"2025-12-11T22:02:06+00:00","breadcrumb":{"@id":"https:\/\/bambaluateatro.com\/5.7\/compania\/#breadcrumb"},"inLanguage":"es","potentialAction":[{"@type":"ReadAction","target":["https:\/\/bambaluateatro.com\/5.7\/compania\/"]}]},{"@type":"BreadcrumbList","@id":"https:\/\/bambaluateatro.com\/5.7\/compania\/#breadcrumb","itemListElement":[{"@type":"ListItem","position":1,"name":"Portada","item":"https:\/\/bambaluateatro.com\/5.7\/"},{"@type":"ListItem","position":2,"name":"Compa\u00f1\u00eda"}]},{"@type":"WebSite","@id":"https:\/\/bambaluateatro.com\/5.7\/#website","url":"https:\/\/bambaluateatro.com\/5.7\/","name":"Bambal\u00faa teatro","description":"Bambal\u00faa Teatro - Artes Esc\u00e9nicas","publisher":{"@id":"https:\/\/bambaluateatro.com\/5.7\/#organization"},"potentialAction":[{"@type":"SearchAction","target":{"@type":"EntryPoint","urlTemplate":"https:\/\/bambaluateatro.com\/5.7\/?s={search_term_string}"},"query-input":{"@type":"PropertyValueSpecification","valueRequired":true,"valueName":"search_term_string"}}],"inLanguage":"es"},{"@type":"Organization","@id":"https:\/\/bambaluateatro.com\/5.7\/#organization","name":"Bambal\u00faa teatro","url":"https:\/\/bambaluateatro.com\/5.7\/","logo":{"@type":"ImageObject","inLanguage":"es","@id":"https:\/\/bambaluateatro.com\/5.7\/#\/schema\/logo\/image\/","url":"https:\/\/bambaluateatro.com\/5.7\/wp-content\/uploads\/2021\/11\/icono_u4.png","contentUrl":"https:\/\/bambaluateatro.com\/5.7\/wp-content\/uploads\/2021\/11\/icono_u4.png","width":500,"height":494,"caption":"Bambal\u00faa teatro"},"image":{"@id":"https:\/\/bambaluateatro.com\/5.7\/#\/schema\/logo\/image\/"},"sameAs":["https:\/\/www.facebook.com\/bambalua","https:\/\/www.youtube.com\/user\/bambaluateatro","https:\/\/twitter.com\/bambalua"]}]}},"_links":{"self":[{"href":"https:\/\/bambaluateatro.com\/5.7\/wp-json\/wp\/v2\/pages\/109","targetHints":{"allow":["GET"]}}],"collection":[{"href":"https:\/\/bambaluateatro.com\/5.7\/wp-json\/wp\/v2\/pages"}],"about":[{"href":"https:\/\/bambaluateatro.com\/5.7\/wp-json\/wp\/v2\/types\/page"}],"author":[{"embeddable":true,"href":"https:\/\/bambaluateatro.com\/5.7\/wp-json\/wp\/v2\/users\/1"}],"replies":[{"embeddable":true,"href":"https:\/\/bambaluateatro.com\/5.7\/wp-json\/wp\/v2\/comments?post=109"}],"version-history":[{"count":27,"href":"https:\/\/bambaluateatro.com\/5.7\/wp-json\/wp\/v2\/pages\/109\/revisions"}],"predecessor-version":[{"id":2208,"href":"https:\/\/bambaluateatro.com\/5.7\/wp-json\/wp\/v2\/pages\/109\/revisions\/2208"}],"wp:attachment":[{"href":"https:\/\/bambaluateatro.com\/5.7\/wp-json\/wp\/v2\/media?parent=109"}],"curies":[{"name":"wp","href":"https:\/\/api.w.org\/{rel}","templated":true}]}}